{"id":78,"date":"2026-02-14T17:00:38","date_gmt":"2026-02-14T17:00:38","guid":{"rendered":"http:\/\/wp.dusancaplak.sk\/?page_id=78"},"modified":"2026-02-26T18:26:47","modified_gmt":"2026-02-26T18:26:47","slug":"fotogaleria","status":"publish","type":"page","link":"https:\/\/wp.dusancaplak.sk\/?page_id=78","title":{"rendered":"FOTO"},"content":{"rendered":"\n<p>Presk\u00famajte m\u00f4j v\u00fdber fotiek zo sveta neopakovate\u013en\u00fdch momentov, kde ka\u017ed\u00fd z\u00e1ber rozpr\u00e1va pr\u00edbeh. Zachytili sme srde\u010dn\u00e9 \u00fasmevy, iskru v o\u010diach a tie najkraj\u0161ie em\u00f3cie, ktor\u00e9 slov\u00e1 nedok\u00e1\u017eu op\u00edsa\u0165.<\/p>\n\n\n\n<figure class=\"wp-block-image size-full\"><img loading=\"lazy\" decoding=\"async\" width=\"800\" height=\"600\" src=\"http:\/\/wp.dusancaplak.sk\/wp-content\/uploads\/2026\/02\/5142830644627693208.jpg\" alt=\"\" class=\"wp-image-845\" srcset=\"https:\/\/wp.dusancaplak.sk\/wp-content\/uploads\/2026\/02\/5142830644627693208.jpg 800w, https:\/\/wp.dusancaplak.sk\/wp-content\/uploads\/2026\/02\/5142830644627693208-300x225.jpg 300w, https:\/\/wp.dusancaplak.sk\/wp-content\/uploads\/2026\/02\/5142830644627693208-768x576.jpg 768w\" sizes=\"auto, (max-width: 800px) 100vw, 800px\" \/><\/figure>\n\n\n\n<div class=\"wp-block-columns is-layout-flex wp-container-core-columns-is-layout-9d6595d7 wp-block-columns-is-layout-flex\">\n<div class=\"wp-block-column is-layout-flow wp-block-column-is-layout-flow\"><\/div>\n\n\n\n<div class=\"wp-block-column is-layout-flow wp-block-column-is-layout-flow\">\n<p>gghghghghghghgh<\/p>\n\n\n\n<p>ghgh<\/p>\n\n\n\n<p>gh<\/p>\n<\/div>\n\n\n\n<div class=\"wp-block-column is-layout-flow wp-block-column-is-layout-flow\"><\/div>\n<\/div>\n\n\nngg_shortcode_0_placeholder\n\n\n\n<div style=\"height:32px\" aria-hidden=\"true\" class=\"wp-block-spacer\"><\/div>\n\n\n\n<p>Mil\u00ed klienti a priatelia, srde\u010dne \u010fakujeme za Va\u0161u necenen\u00fa d\u00f4veru a podporu. Ka\u017ed\u00e1 Va\u0161a spr\u00e1va, objedn\u00e1vka \u010di odpor\u00fa\u010danie n\u00e1m dod\u00e1va kr\u00eddla a motiv\u00e1ciu \u00eds\u0165 e\u0161te \u010falej.<\/p>\n\n\n\n<p><\/p>\n","protected":false},"excerpt":{"rendered":"<p>Presk\u00famajte m\u00f4j v\u00fdber fotiek zo sveta neopakovate\u013en\u00fdch momentov, kde ka\u017ed\u00fd z\u00e1ber rozpr\u00e1va pr\u00edbeh. Zachytili sme srde\u010dn\u00e9 \u00fasmevy, iskru v o\u010diach a tie najkraj\u0161ie em\u00f3cie, ktor\u00e9 slov\u00e1 nedok\u00e1\u017eu op\u00edsa\u0165. gghghghghghghgh ghgh gh Mil\u00ed klienti a priatelia, srde\u010dne \u010fakujeme za Va\u0161u necenen\u00fa d\u00f4veru a podporu. Ka\u017ed\u00e1 Va\u0161a spr\u00e1va, objedn\u00e1vka \u010di odpor\u00fa\u010danie n\u00e1m dod\u00e1va kr\u00eddla a motiv\u00e1ciu \u00eds\u0165 <a class=\"more-link\" href=\"https:\/\/wp.dusancaplak.sk\/?page_id=78\">Continue reading <i class=\"fa fa-chevron-right\"><\/i><\/a><\/p>\n","protected":false},"author":1,"featured_media":0,"parent":0,"menu_order":0,"comment_status":"closed","ping_status":"closed","template":"","meta":{"ngg_post_thumbnail":0,"footnotes":""},"class_list":["post-78","page","type-page","status-publish","hentry"],"_links":{"self":[{"href":"https:\/\/wp.dusancaplak.sk\/index.php?rest_route=\/wp\/v2\/pages\/78","targetHints":{"allow":["GET"]}}],"collection":[{"href":"https:\/\/wp.dusancaplak.sk\/index.php?rest_route=\/wp\/v2\/pages"}],"about":[{"href":"https:\/\/wp.dusancaplak.sk\/index.php?rest_route=\/wp\/v2\/types\/page"}],"author":[{"embeddable":true,"href":"https:\/\/wp.dusancaplak.sk\/index.php?rest_route=\/wp\/v2\/users\/1"}],"replies":[{"embeddable":true,"href":"https:\/\/wp.dusancaplak.sk\/index.php?rest_route=%2Fwp%2Fv2%2Fcomments&post=78"}],"version-history":[{"count":8,"href":"https:\/\/wp.dusancaplak.sk\/index.php?rest_route=\/wp\/v2\/pages\/78\/revisions"}],"predecessor-version":[{"id":875,"href":"https:\/\/wp.dusancaplak.sk\/index.php?rest_route=\/wp\/v2\/pages\/78\/revisions\/875"}],"wp:attachment":[{"href":"https:\/\/wp.dusancaplak.sk\/index.php?rest_route=%2Fwp%2Fv2%2Fmedia&parent=78"}],"curies":[{"name":"wp","href":"https:\/\/api.w.org\/{rel}","templated":true}]}}